{"id":511,"date":"2021-05-14T19:39:34","date_gmt":"2021-05-14T19:39:34","guid":{"rendered":"https:\/\/www.mamadele.com\/new\/?post_type=product&#038;p=511"},"modified":"2024-08-26T17:09:33","modified_gmt":"2024-08-26T17:09:33","slug":"afro-brazilian-percussion-classes-with-dende","status":"publish","type":"product","link":"https:\/\/www.mamadele.com\/new\/product\/afro-brazilian-percussion-classes-with-dende\/","title":{"rendered":"Afro-Brazilian Percussion Classes with Dend\u00ea"},"content":{"rendered":"<p>Join master percussionist Dend\u00ea for the next edition of this introductory class in Afro-Brazilian percussion.<\/p>\n<p>Classes will be held on Saturdays from 3-5 pm at Dend\u00eazieros Studio in Germantown<br \/>\nSeptember 14th \u2013 November 16, 2024<\/p>\n<p>Cost: $200 for the 10-week series or $25\/class<\/p>\n<p>Attendees will learn to play timbal, caixa, surdo, repique, xequere, tamborim, pandeiro and much more with a former member of Timbalada! Dend\u00ea will teach you proper technique, exercises, tuning and maintenance, improvisations and soloing, traditional rhythms from candombl\u00e9 and samba de roda as well as the original rhythms and breaks from bands like Timbalada, Il\u00ea Aiy\u00ea, and Olodum.<\/p>\n<p>Dend\u00ea is a percussionist, singer, composer, bandleader, teacher, and multi-instrumentalist. He\u2019s been a professional musician since the age of 14, when he appeared in the frontline of Timbalada, Carlinhos Brown\u2019s superstar percussion ensemble. With Timbalada, Dend\u00ea toured all over Brazil, Europe and Asia, appared on various television shows and has performed and recorded with such artists as Marisa Monte, Gilberto Gil, Carlinhos Brown, Ivete Sangalo and Sepultura. Having left Brazil in 2001, Dend\u00ea lived in NYC until 2014 and now lives in Philadelphia, performing and recording with his groups Dend\u00ea &amp; Band, Arrast\u00e3o, Ologund\u00ea, and Samba de Tr\u00eas. With these groups he has toured all over the US and Europe. In addition to his own work, he has his performed and recorded with artists such as Dance Brazil, Melvin Gibbs, Graham Haynes, Giovanni Hidalgo, Zakir Hussain, David Byrne and Vinicius Cantu\u00e1ria among many others. Register now to reserve your instrument.<\/p>\n<p>Email mamadele@mamadele.org with questions.<\/p>\n<p>Private lessons can also be arranged in person or via Zoom. Email mamadele@mamadele.org for more info.<\/p>\n","protected":false},"excerpt":{"rendered":"<p>Join master percussionist Dend\u00ea for the next edition of this introductory class in Afro-Brazilian percussion. Classes will be held on Saturdays from 3-5 pm at Dend\u00eazieros Studio in Germantown September 14th \u2013 November 16, 2024 Cost: $200 for the 10-week series or $25\/class Attendees will learn to play timbal, caixa, surdo, repique, xequere, tamborim, pandeiro&nbsp;<a class=\"read-more\" href=\"https:\/\/www.mamadele.com\/new\/product\/afro-brazilian-percussion-classes-with-dende\/\">Continue reading<\/a><\/p>\n","protected":false},"featured_media":496,"comment_status":"closed","ping_status":"closed","template":"","meta":[],"product_brand":[],"product_cat":[43],"product_tag":[],"class_list":{"0":"post-511","1":"product","2":"type-product","3":"status-publish","4":"has-post-thumbnail","6":"product_cat-education","7":"product_shipping_class-large","9":"first","10":"instock","11":"purchasable","12":"product-type-simple"},"jetpack_sharing_enabled":true,"_links":{"self":[{"href":"https:\/\/www.mamadele.com\/new\/wp-json\/wp\/v2\/product\/511","targetHints":{"allow":["GET"]}}],"collection":[{"href":"https:\/\/www.mamadele.com\/new\/wp-json\/wp\/v2\/product"}],"about":[{"href":"https:\/\/www.mamadele.com\/new\/wp-json\/wp\/v2\/types\/product"}],"replies":[{"embeddable":true,"href":"https:\/\/www.mamadele.com\/new\/wp-json\/wp\/v2\/comments?post=511"}],"version-history":[{"count":1,"href":"https:\/\/www.mamadele.com\/new\/wp-json\/wp\/v2\/product\/511\/revisions"}],"predecessor-version":[{"id":791,"href":"https:\/\/www.mamadele.com\/new\/wp-json\/wp\/v2\/product\/511\/revisions\/791"}],"wp:featuredmedia":[{"embeddable":true,"href":"https:\/\/www.mamadele.com\/new\/wp-json\/wp\/v2\/media\/496"}],"wp:attachment":[{"href":"https:\/\/www.mamadele.com\/new\/wp-json\/wp\/v2\/media?parent=511"}],"wp:term":[{"taxonomy":"product_brand","embeddable":true,"href":"https:\/\/www.mamadele.com\/new\/wp-json\/wp\/v2\/product_brand?post=511"},{"taxonomy":"product_cat","embeddable":true,"href":"https:\/\/www.mamadele.com\/new\/wp-json\/wp\/v2\/product_cat?post=511"},{"taxonomy":"product_tag","embeddable":true,"href":"https:\/\/www.mamadele.com\/new\/wp-json\/wp\/v2\/product_tag?post=511"}],"curies":[{"name":"wp","href":"https:\/\/api.w.org\/{rel}","templated":true}]}}